{"id":100003,"date":"2026-04-16T09:10:58","date_gmt":"2026-04-16T07:10:58","guid":{"rendered":"https:\/\/www.niskanen.fi\/verkkokauppa\/?post_type=product&#038;p=100003"},"modified":"2026-04-17T10:53:46","modified_gmt":"2026-04-17T08:53:46","slug":"adidas-3k-marvel-sm-reppu","status":"publish","type":"product","link":"https:\/\/www.niskanen.fi\/verkkokauppa\/tuote\/adidas-3k-marvel-sm-reppu\/","title":{"rendered":"ADIDAS 3K MARVEL SM REPPU"},"content":{"rendered":"<p>Adidas Marvel Spider-Man -lasten reppu. K\u00e4tev\u00e4t ominaisuudet tekev\u00e4t repusta helpon p\u00e4ivitt\u00e4iseen k\u00e4ytt\u00f6\u00f6n. P\u00e4\u00e4osion vetoketjusulku mahdollistaa nopean ja vaivattoman p\u00e4\u00e4syn, ja s\u00e4\u00e4dett\u00e4v\u00e4t olkahihnat tarjoavat napakan ja mukavan istuvuuden pienille hartioille. Kest\u00e4v\u00e4 tasakudottu kangas on viimeistelty kaksiv\u00e4risell\u00e4 Spider\u2011Man \u2011printill\u00e4, jota t\u00e4ydent\u00e4v\u00e4t adidaksen ikoniset 3\u2011raitaa.<\/p>\n","protected":false},"excerpt":{"rendered":"<p>Adidas Marvel Spider-Man -lasten reppu. K\u00e4tev\u00e4t ominaisuudet tekev\u00e4t repusta helpon p\u00e4ivitt\u00e4iseen k\u00e4ytt\u00f6\u00f6n. P\u00e4\u00e4osion vetoketjusulku mahdollistaa nopean ja vaivattoman p\u00e4\u00e4syn, ja s\u00e4\u00e4dett\u00e4v\u00e4t olkahihnat tarjoavat napakan ja mukavan istuvuuden pienille hartioille. Kest\u00e4v\u00e4 tasakudottu kangas on viimeistelty kaksiv\u00e4risell\u00e4 Spider\u2011Man \u2011printill\u00e4, jota t\u00e4ydent\u00e4v\u00e4t adidaksen ikoniset 3\u2011raitaa.<\/p>\n","protected":false},"featured_media":101620,"template":"","meta":[],"product_brand":[1186],"product_cat":[1438,878,300,1430],"product_tag":[1355],"class_list":{"0":"post-100003","1":"product","2":"type-product","3":"status-publish","4":"has-post-thumbnail","6":"product_brand-adidas","7":"product_cat-kaikki-lasten-vaatteet","8":"product_cat-muut-vaatteet-ja-asusteet","9":"product_cat-reput-ja-laukut","10":"product_cat-vaatteet","11":"product_tag-reput-ja-laukut","13":"first","14":"instock","15":"taxable","16":"shipping-taxable","17":"purchasable","18":"product-type-variable"},"jetpack_sharing_enabled":true,"_links":{"self":[{"href":"https:\/\/www.niskanen.fi\/verkkokauppa\/wp-json\/wp\/v2\/product\/100003","targetHints":{"allow":["GET"]}}],"collection":[{"href":"https:\/\/www.niskanen.fi\/verkkokauppa\/wp-json\/wp\/v2\/product"}],"about":[{"href":"https:\/\/www.niskanen.fi\/verkkokauppa\/wp-json\/wp\/v2\/types\/product"}],"version-history":[{"count":2,"href":"https:\/\/www.niskanen.fi\/verkkokauppa\/wp-json\/wp\/v2\/product\/100003\/revisions"}],"predecessor-version":[{"id":101624,"href":"https:\/\/www.niskanen.fi\/verkkokauppa\/wp-json\/wp\/v2\/product\/100003\/revisions\/101624"}],"wp:featuredmedia":[{"embeddable":true,"href":"https:\/\/www.niskanen.fi\/verkkokauppa\/wp-json\/wp\/v2\/media\/101620"}],"wp:attachment":[{"href":"https:\/\/www.niskanen.fi\/verkkokauppa\/wp-json\/wp\/v2\/media?parent=100003"}],"wp:term":[{"taxonomy":"product_brand","embeddable":true,"href":"https:\/\/www.niskanen.fi\/verkkokauppa\/wp-json\/wp\/v2\/product_brand?post=100003"},{"taxonomy":"product_cat","embeddable":true,"href":"https:\/\/www.niskanen.fi\/verkkokauppa\/wp-json\/wp\/v2\/product_cat?post=100003"},{"taxonomy":"product_tag","embeddable":true,"href":"https:\/\/www.niskanen.fi\/verkkokauppa\/wp-json\/wp\/v2\/product_tag?post=100003"}],"curies":[{"name":"wp","href":"https:\/\/api.w.org\/{rel}","templated":true}]}}