{"id":105402,"date":"2026-04-20T14:12:14","date_gmt":"2026-04-20T12:12:14","guid":{"rendered":"https:\/\/www.niskanen.fi\/verkkokauppa\/?post_type=product&#038;p=105402"},"modified":"2026-04-22T18:15:46","modified_gmt":"2026-04-22T16:15:46","slug":"halti-ersa-ii-w-vapaa-ajan-kengat","status":"publish","type":"product","link":"https:\/\/www.niskanen.fi\/verkkokauppa\/tuote\/halti-ersa-ii-w-vapaa-ajan-kengat\/","title":{"rendered":"HALTI ERSA II W VAPAA-AJAN KENG\u00c4T"},"content":{"rendered":"<style>\na {\n    text-decoration: none;\n    color: #464feb;\n}\ntr th, tr td {\n    border: 1px solid #e6e6e6;\n}\ntr th {\n    background-color: #f5f5f5;\n}\n<\/style>\n<div>\n<p><strong>Kevyt ja mukava vapaa-ajan kenk\u00e4<\/strong><\/p>\n<p>T\u00e4m\u00e4 eritt\u00e4in kevyt ja helppok\u00e4ytt\u00f6inen vapaa-ajan kenk\u00e4 sopii aktiiviseen arkeen ja rentoon menoon. Nauhaton, sporttinen malli on vaivaton pukea ja mukava jalassa koko p\u00e4iv\u00e4n. Joustava Phylon-pohja vaimentaa askelta, ja hengitt\u00e4v\u00e4 rakenne pit\u00e4\u00e4 jalan raikkaana. Kosteutta siirt\u00e4v\u00e4 ja viile\u00e4n tuntuinen Lycra-vuori tuntuu miellytt\u00e4v\u00e4lt\u00e4 my\u00f6s paljaaseen jalkaan.<\/p>\n<p><strong>Ominaisuudet:<\/strong><\/p>\n<ul>\n<li>Kevyt ja joustava Phylon-pohja<\/li>\n<li>Hengitt\u00e4v\u00e4 mesh-p\u00e4\u00e4llinen<\/li>\n<li>Mukava ja viile\u00e4 Lycra-vuori<\/li>\n<li>Irrotettava pohjallinen<\/li>\n<\/ul>\n<\/div>\n","protected":false},"excerpt":{"rendered":"<p>Kevyt ja mukava vapaa-ajan kenk\u00e4 T\u00e4m\u00e4 eritt\u00e4in kevyt ja helppok\u00e4ytt\u00f6inen vapaa-ajan kenk\u00e4 sopii aktiiviseen arkeen ja rentoon menoon. Nauhaton, sporttinen malli on vaivaton pukea ja mukava jalassa koko p\u00e4iv\u00e4n. Joustava Phylon-pohja vaimentaa askelta, ja hengitt\u00e4v\u00e4 rakenne pit\u00e4\u00e4 jalan raikkaana. Kosteutta siirt\u00e4v\u00e4 ja viile\u00e4n tuntuinen Lycra-vuori tuntuu miellytt\u00e4v\u00e4lt\u00e4 my\u00f6s paljaaseen jalkaan. Ominaisuudet: Kevyt ja joustava Phylon-pohja [&hellip;]<\/p>\n","protected":false},"featured_media":111441,"template":"","meta":[],"product_brand":[1199],"product_cat":[1251,1252,1475,15],"product_tag":[2104,2069,2105,1280],"class_list":{"0":"post-105402","1":"product","2":"type-product","3":"status-publish","4":"has-post-thumbnail","6":"product_brand-halti","7":"product_cat-kengat","8":"product_cat-naisten-kengat","9":"product_cat-vapaa-ajankengat-low-naiset","10":"product_cat-yleinen","11":"product_tag-ersa","12":"product_tag-halti","13":"product_tag-halti-ersa","14":"product_tag-naisten-kengat","16":"first","17":"instock","18":"sale","19":"taxable","20":"shipping-taxable","21":"purchasable","22":"product-type-variable"},"jetpack_sharing_enabled":true,"_links":{"self":[{"href":"https:\/\/www.niskanen.fi\/verkkokauppa\/wp-json\/wp\/v2\/product\/105402","targetHints":{"allow":["GET"]}}],"collection":[{"href":"https:\/\/www.niskanen.fi\/verkkokauppa\/wp-json\/wp\/v2\/product"}],"about":[{"href":"https:\/\/www.niskanen.fi\/verkkokauppa\/wp-json\/wp\/v2\/types\/product"}],"version-history":[{"count":2,"href":"https:\/\/www.niskanen.fi\/verkkokauppa\/wp-json\/wp\/v2\/product\/105402\/revisions"}],"predecessor-version":[{"id":111445,"href":"https:\/\/www.niskanen.fi\/verkkokauppa\/wp-json\/wp\/v2\/product\/105402\/revisions\/111445"}],"wp:featuredmedia":[{"embeddable":true,"href":"https:\/\/www.niskanen.fi\/verkkokauppa\/wp-json\/wp\/v2\/media\/111441"}],"wp:attachment":[{"href":"https:\/\/www.niskanen.fi\/verkkokauppa\/wp-json\/wp\/v2\/media?parent=105402"}],"wp:term":[{"taxonomy":"product_brand","embeddable":true,"href":"https:\/\/www.niskanen.fi\/verkkokauppa\/wp-json\/wp\/v2\/product_brand?post=105402"},{"taxonomy":"product_cat","embeddable":true,"href":"https:\/\/www.niskanen.fi\/verkkokauppa\/wp-json\/wp\/v2\/product_cat?post=105402"},{"taxonomy":"product_tag","embeddable":true,"href":"https:\/\/www.niskanen.fi\/verkkokauppa\/wp-json\/wp\/v2\/product_tag?post=105402"}],"curies":[{"name":"wp","href":"https:\/\/api.w.org\/{rel}","templated":true}]}}