{"id":10703,"date":"2025-10-29T19:25:52","date_gmt":"2025-10-29T17:25:52","guid":{"rendered":"https:\/\/www.niskanen.fi\/verkkokauppa\/?post_type=product&#038;p=10703"},"modified":"2026-03-10T19:09:05","modified_gmt":"2026-03-10T17:09:05","slug":"energetics-egon-ls-m-paita","status":"publish","type":"product","link":"https:\/\/www.niskanen.fi\/verkkokauppa\/tuote\/energetics-egon-ls-m-paita\/","title":{"rendered":"ENERGETICS EGON LS M -MIESTEN ALUSPAITA"},"content":{"rendered":"<p>Miesten tekninen aluspaita viile\u00e4mpien kelien treeneihin. Paita on valmistettu nopeasti kuivuvasta ja hengitt\u00e4v\u00e4st\u00e4 materiaalista, mik\u00e4 pit\u00e4\u00e4 olon miellytt\u00e4v\u00e4n\u00e4 suorituksen aikana.<\/p>\n<p>Ominaisuudet:<\/p>\n<ul>\n<li>Tiukka istuvuus<\/li>\n<li>Ohut ja joustava materiaali<\/li>\n<li>Dry Plus -teknologia<\/li>\n<li>Materiaali: 85% polyesteri \/ 15% elastaani<\/li>\n<\/ul>\n","protected":false},"excerpt":{"rendered":"<p>Miesten tekninen aluspaita viile\u00e4mpien kelien treeneihin. Paita on valmistettu nopeasti kuivuvasta ja hengitt\u00e4v\u00e4st\u00e4 materiaalista, mik\u00e4 pit\u00e4\u00e4 olon miellytt\u00e4v\u00e4n\u00e4 suorituksen aikana. Ominaisuudet: Tiukka istuvuus Ohut ja joustava materiaali Dry Plus -teknologia Materiaali: 85% polyesteri \/ 15% elastaani<\/p>\n","protected":false},"featured_media":20168,"template":"","meta":[],"product_brand":[],"product_cat":[229,173],"product_tag":[1287,1372,1217],"class_list":{"0":"post-10703","1":"product","2":"type-product","3":"status-publish","4":"has-post-thumbnail","6":"product_cat-aluspaidat-miehet","7":"product_cat-treenipaidat-ls-miehet","8":"product_tag-miesten-alusasut","9":"product_tag-miesten-aluspaidat","10":"product_tag-miesten-vaatteet","12":"first","13":"instock","14":"taxable","15":"shipping-taxable","16":"purchasable","17":"product-type-variable"},"jetpack_sharing_enabled":true,"_links":{"self":[{"href":"https:\/\/www.niskanen.fi\/verkkokauppa\/wp-json\/wp\/v2\/product\/10703","targetHints":{"allow":["GET"]}}],"collection":[{"href":"https:\/\/www.niskanen.fi\/verkkokauppa\/wp-json\/wp\/v2\/product"}],"about":[{"href":"https:\/\/www.niskanen.fi\/verkkokauppa\/wp-json\/wp\/v2\/types\/product"}],"version-history":[{"count":1,"href":"https:\/\/www.niskanen.fi\/verkkokauppa\/wp-json\/wp\/v2\/product\/10703\/revisions"}],"predecessor-version":[{"id":20167,"href":"https:\/\/www.niskanen.fi\/verkkokauppa\/wp-json\/wp\/v2\/product\/10703\/revisions\/20167"}],"wp:featuredmedia":[{"embeddable":true,"href":"https:\/\/www.niskanen.fi\/verkkokauppa\/wp-json\/wp\/v2\/media\/20168"}],"wp:attachment":[{"href":"https:\/\/www.niskanen.fi\/verkkokauppa\/wp-json\/wp\/v2\/media?parent=10703"}],"wp:term":[{"taxonomy":"product_brand","embeddable":true,"href":"https:\/\/www.niskanen.fi\/verkkokauppa\/wp-json\/wp\/v2\/product_brand?post=10703"},{"taxonomy":"product_cat","embeddable":true,"href":"https:\/\/www.niskanen.fi\/verkkokauppa\/wp-json\/wp\/v2\/product_cat?post=10703"},{"taxonomy":"product_tag","embeddable":true,"href":"https:\/\/www.niskanen.fi\/verkkokauppa\/wp-json\/wp\/v2\/product_tag?post=10703"}],"curies":[{"name":"wp","href":"https:\/\/api.w.org\/{rel}","templated":true}]}}