{"id":111011,"date":"2026-04-22T11:05:19","date_gmt":"2026-04-22T09:05:19","guid":{"rendered":"https:\/\/www.niskanen.fi\/verkkokauppa\/?post_type=product&#038;p=111011"},"modified":"2026-04-24T13:40:08","modified_gmt":"2026-04-24T11:40:08","slug":"peak-performance-w-classic-cotton-pikeep","status":"publish","type":"product","link":"https:\/\/www.niskanen.fi\/verkkokauppa\/tuote\/peak-performance-w-classic-cotton-pikeep\/","title":{"rendered":"PEAK PERFORMANCE W CLASSIC COTTON PIKEEP"},"content":{"rendered":"<p>Ajaton pikeepaita, joka on valmistettu pehme\u00e4st\u00e4 ja laadukkaasta puuvillaneuloksesta. Monipuolinen materiaali tuntuu miellytt\u00e4v\u00e4lt\u00e4 kaikissa s\u00e4\u00e4olosuhteissa, ja kauden p\u00e4ivitetty malli istuu entist\u00e4 paremmin. Ribbiresori kauluksessa ja hihansuissa tuo klassista ilmett\u00e4, kun taas brodeerattu P\u2011logo viimeistelee tyylin.<\/p>\n<p>Paita on valmistettu vastuullisesti tuotetusta puuvillasta ja v\u00e4rj\u00e4tty ymp\u00e4rist\u00f6yst\u00e4v\u00e4llisell\u00e4 Avitera\u2011prosessilla. Nappilista kauluksessa tuo perinteisen pikeepaidan ilmeen.<\/p>\n","protected":false},"excerpt":{"rendered":"<p>Ajaton pikeepaita, joka on valmistettu pehme\u00e4st\u00e4 ja laadukkaasta puuvillaneuloksesta. Monipuolinen materiaali tuntuu miellytt\u00e4v\u00e4lt\u00e4 kaikissa s\u00e4\u00e4olosuhteissa, ja kauden p\u00e4ivitetty malli istuu entist\u00e4 paremmin. Ribbiresori kauluksessa ja hihansuissa tuo klassista ilmett\u00e4, kun taas brodeerattu P\u2011logo viimeistelee tyylin. Paita on valmistettu vastuullisesti tuotetusta puuvillasta ja v\u00e4rj\u00e4tty ymp\u00e4rist\u00f6yst\u00e4v\u00e4llisell\u00e4 Avitera\u2011prosessilla. Nappilista kauluksessa tuo perinteisen pikeepaidan ilmeen.<\/p>\n","protected":false},"featured_media":115394,"template":"","meta":[],"product_brand":[1210],"product_cat":[1255,1459,123],"product_tag":[1213,2064,2100],"class_list":{"0":"post-111011","1":"product","2":"type-product","3":"status-publish","4":"has-post-thumbnail","6":"product_brand-peak-performance","7":"product_cat-kaikki-naisten-vaatteet","8":"product_cat-naisten-paidat-ja-topit","9":"product_cat-pikeepaidat-naiset","10":"product_tag-naisten-vaatteet","11":"product_tag-peak-performance","12":"product_tag-pikeepaidat","14":"first","15":"instock","16":"taxable","17":"shipping-taxable","18":"purchasable","19":"product-type-variable"},"jetpack_sharing_enabled":true,"_links":{"self":[{"href":"https:\/\/www.niskanen.fi\/verkkokauppa\/wp-json\/wp\/v2\/product\/111011","targetHints":{"allow":["GET"]}}],"collection":[{"href":"https:\/\/www.niskanen.fi\/verkkokauppa\/wp-json\/wp\/v2\/product"}],"about":[{"href":"https:\/\/www.niskanen.fi\/verkkokauppa\/wp-json\/wp\/v2\/types\/product"}],"version-history":[{"count":2,"href":"https:\/\/www.niskanen.fi\/verkkokauppa\/wp-json\/wp\/v2\/product\/111011\/revisions"}],"predecessor-version":[{"id":115398,"href":"https:\/\/www.niskanen.fi\/verkkokauppa\/wp-json\/wp\/v2\/product\/111011\/revisions\/115398"}],"wp:featuredmedia":[{"embeddable":true,"href":"https:\/\/www.niskanen.fi\/verkkokauppa\/wp-json\/wp\/v2\/media\/115394"}],"wp:attachment":[{"href":"https:\/\/www.niskanen.fi\/verkkokauppa\/wp-json\/wp\/v2\/media?parent=111011"}],"wp:term":[{"taxonomy":"product_brand","embeddable":true,"href":"https:\/\/www.niskanen.fi\/verkkokauppa\/wp-json\/wp\/v2\/product_brand?post=111011"},{"taxonomy":"product_cat","embeddable":true,"href":"https:\/\/www.niskanen.fi\/verkkokauppa\/wp-json\/wp\/v2\/product_cat?post=111011"},{"taxonomy":"product_tag","embeddable":true,"href":"https:\/\/www.niskanen.fi\/verkkokauppa\/wp-json\/wp\/v2\/product_tag?post=111011"}],"curies":[{"name":"wp","href":"https:\/\/api.w.org\/{rel}","templated":true}]}}