{"id":11995,"date":"2025-10-29T19:35:48","date_gmt":"2025-10-29T17:35:48","guid":{"rendered":"https:\/\/www.niskanen.fi\/verkkokauppa\/?post_type=product&#038;p=11995"},"modified":"2026-04-19T01:11:30","modified_gmt":"2026-04-18T23:11:30","slug":"helly-hansen-hp-hybrid-stretch-miesten-hybriditakki","status":"publish","type":"product","link":"https:\/\/www.niskanen.fi\/verkkokauppa\/tuote\/helly-hansen-hp-hybrid-stretch-miesten-hybriditakki\/","title":{"rendered":"HELLY HANSEN HP HYBRID STRETCH -MIESTEN HYBRIDITAKKI"},"content":{"rendered":"<p>Joustava ja kevyesti topattu hybriditakki miehille. Soveltuu k\u00e4ytett\u00e4v\u00e4ksi esimerkiksi kuoritakin alla tai l\u00e4mp\u00f6isemmill\u00e4 keleill\u00e4 sellaisenaan. Synteettinen puhallettava eriste pit\u00e4\u00e4 l\u00e4mpim\u00e4n\u00e4 ja fleecevuori tekee takista miellytt\u00e4v\u00e4n p\u00e4\u00e4ll\u00e4.<\/p>\n<p>Ominaisuudet:<\/p>\n<ul>\n<li data-start=\"180\" data-end=\"245\">YKK\u00ae-vetoketjut \u2013 laadukkaat ja kest\u00e4v\u00e4t vetoketjuratkaisut<\/li>\n<li>Synteettinen puhallettava eriste<\/li>\n<li>Muotoillut kyyn\u00e4rp\u00e4\u00e4t<\/li>\n<li>Vetoketjutaskut<\/li>\n<li>2-suuntaan joustava materiaali<\/li>\n<li>Materiaalit:\n<ul>\n<li>P\u00e4\u00e4llikangas 1: 86% polyamidi, 14% elastaani<\/li>\n<li>P\u00e4\u00e4llikangas 2: 100% polyesteri<\/li>\n<li>Vuori 1: 96% kierr\u00e4tetty polyesteri, 4% elastaani<\/li>\n<li>Vuori 2: 100% kierr\u00e4tetty polyesteri<\/li>\n<li>Eriste: 60% polyesteri, 40% kierr\u00e4tetty polyesteri<\/li>\n<\/ul>\n<\/li>\n<\/ul>\n","protected":false},"excerpt":{"rendered":"<p>Joustava ja kevyesti topattu hybriditakki miehille. Soveltuu k\u00e4ytett\u00e4v\u00e4ksi esimerkiksi kuoritakin alla tai l\u00e4mp\u00f6isemmill\u00e4 keleill\u00e4 sellaisenaan. Synteettinen puhallettava eriste pit\u00e4\u00e4 l\u00e4mpim\u00e4n\u00e4 ja fleecevuori tekee takista miellytt\u00e4v\u00e4n p\u00e4\u00e4ll\u00e4. Ominaisuudet: YKK\u00ae-vetoketjut \u2013 laadukkaat ja kest\u00e4v\u00e4t vetoketjuratkaisut Synteettinen puhallettava eriste Muotoillut kyyn\u00e4rp\u00e4\u00e4t Vetoketjutaskut 2-suuntaan joustava materiaali Materiaalit: P\u00e4\u00e4llikangas 1: 86% polyamidi, 14% elastaani P\u00e4\u00e4llikangas 2: 100% polyesteri Vuori 1: [&hellip;]<\/p>\n","protected":false},"featured_media":20710,"template":"","meta":[],"product_brand":[1191],"product_cat":[77],"product_tag":[1364,1277,1217],"class_list":{"0":"post-11995","1":"product","2":"type-product","3":"status-publish","4":"has-post-thumbnail","6":"product_brand-helly-hansen","7":"product_cat-hybriditakit-miehet","8":"product_tag-miesten-hybriditakit","9":"product_tag-miesten-ulkoiluasut","10":"product_tag-miesten-vaatteet","12":"first","13":"instock","14":"taxable","15":"shipping-taxable","16":"purchasable","17":"product-type-variable"},"jetpack_sharing_enabled":true,"_links":{"self":[{"href":"https:\/\/www.niskanen.fi\/verkkokauppa\/wp-json\/wp\/v2\/product\/11995","targetHints":{"allow":["GET"]}}],"collection":[{"href":"https:\/\/www.niskanen.fi\/verkkokauppa\/wp-json\/wp\/v2\/product"}],"about":[{"href":"https:\/\/www.niskanen.fi\/verkkokauppa\/wp-json\/wp\/v2\/types\/product"}],"version-history":[{"count":1,"href":"https:\/\/www.niskanen.fi\/verkkokauppa\/wp-json\/wp\/v2\/product\/11995\/revisions"}],"predecessor-version":[{"id":20709,"href":"https:\/\/www.niskanen.fi\/verkkokauppa\/wp-json\/wp\/v2\/product\/11995\/revisions\/20709"}],"wp:featuredmedia":[{"embeddable":true,"href":"https:\/\/www.niskanen.fi\/verkkokauppa\/wp-json\/wp\/v2\/media\/20710"}],"wp:attachment":[{"href":"https:\/\/www.niskanen.fi\/verkkokauppa\/wp-json\/wp\/v2\/media?parent=11995"}],"wp:term":[{"taxonomy":"product_brand","embeddable":true,"href":"https:\/\/www.niskanen.fi\/verkkokauppa\/wp-json\/wp\/v2\/product_brand?post=11995"},{"taxonomy":"product_cat","embeddable":true,"href":"https:\/\/www.niskanen.fi\/verkkokauppa\/wp-json\/wp\/v2\/product_cat?post=11995"},{"taxonomy":"product_tag","embeddable":true,"href":"https:\/\/www.niskanen.fi\/verkkokauppa\/wp-json\/wp\/v2\/product_tag?post=11995"}],"curies":[{"name":"wp","href":"https:\/\/api.w.org\/{rel}","templated":true}]}}