{"id":42476,"date":"2026-03-03T14:09:01","date_gmt":"2026-03-03T12:09:01","guid":{"rendered":"https:\/\/www.niskanen.fi\/verkkokauppa\/?post_type=product&#038;p=42476"},"modified":"2026-04-21T12:34:33","modified_gmt":"2026-04-21T10:34:33","slug":"halti-streetpack-paivareppu","status":"publish","type":"product","link":"https:\/\/www.niskanen.fi\/verkkokauppa\/tuote\/halti-streetpack-paivareppu\/","title":{"rendered":"HALTI STREETPACK P\u00c4IV\u00c4REPPU"},"content":{"rendered":"<p>Halti Streetpack on reppu, joka kulkee mukanasi minne tahansa \u2013 l\u00e4hes huomaamattomasti. Ultrakevyt rakenne ja mahdollisuus pakata reppu siististi omaan sis\u00e4taskuunsa tekev\u00e4t siit\u00e4 t\u00e4ydellisen lis\u00e4n matkavarustukseen, p\u00e4iv\u00e4reppuun tai vaikka auton hansikaslokeroon. Kun tarvitset lis\u00e4tilaa, Streetpack on hetkess\u00e4 k\u00e4ytt\u00f6valmis.<\/p>\n<p>Selke\u00e4 ja toimiva muotoilu sopii yht\u00e4 hyvin kaupunkiin kuin kevyille luontopoluille. Ergonomisesti muotoillut, kevyesti pehmustetut olkahihnat takaavat miellytt\u00e4v\u00e4n kantokokemuksen, ja sivutaskuihin mahtuvat juomapullot. Sis\u00e4puolen avotasku ja tarrakiinnitteinen tasku pit\u00e4v\u00e4t pienet tavarat j\u00e4rjestyksess\u00e4.<\/p>\n<p>Reppu on valmistettu kierr\u00e4tetyst\u00e4 30D mini ripstop \u2011nailonista, joka on kevytt\u00e4 mutta kest\u00e4v\u00e4\u00e4. Vett\u00e4 hylkiv\u00e4 viimeistely suojaa tavaroita vaihtelevissa olosuhteissa.<\/p>\n<h3><strong>Ominaisuudet<\/strong><\/h3>\n<ul>\n<li>Ultrakevyt ja pieneen tilaan pakkautuva<\/li>\n<li>Pakkautuu omaan taskuunsa<\/li>\n<li>Ergonomiset, kevyesti pehmustetut ja s\u00e4\u00e4dett\u00e4v\u00e4t olkahihnat<\/li>\n<li>Sis\u00e4ll\u00e4 avotasku ja tarrakiinnitteinen tasku<\/li>\n<li>Kaksi sivutaskua juomapulloille<\/li>\n<li>Kierr\u00e4tetty 30D mini ripstop \u2011nailon<\/li>\n<li>Vett\u00e4 hylkiv\u00e4 viimeistely<\/li>\n<\/ul>\n","protected":false},"excerpt":{"rendered":"<p>Halti Streetpack on reppu, joka kulkee mukanasi minne tahansa \u2013 l\u00e4hes huomaamattomasti. Ultrakevyt rakenne ja mahdollisuus pakata reppu siististi omaan sis\u00e4taskuunsa tekev\u00e4t siit\u00e4 t\u00e4ydellisen lis\u00e4n matkavarustukseen, p\u00e4iv\u00e4reppuun tai vaikka auton hansikaslokeroon. Kun tarvitset lis\u00e4tilaa, Streetpack on hetkess\u00e4 k\u00e4ytt\u00f6valmis. Selke\u00e4 ja toimiva muotoilu sopii yht\u00e4 hyvin kaupunkiin kuin kevyille luontopoluille. Ergonomisesti muotoillut, kevyesti pehmustetut olkahihnat takaavat [&hellip;]<\/p>\n","protected":false},"featured_media":62759,"template":"","meta":[],"product_brand":[1199],"product_cat":[300],"product_tag":[2069,2070],"class_list":{"0":"post-42476","1":"product","2":"type-product","3":"status-publish","4":"has-post-thumbnail","6":"product_brand-halti","7":"product_cat-reput-ja-laukut","8":"product_tag-halti","9":"product_tag-reput","11":"first","12":"instock","13":"taxable","14":"shipping-taxable","15":"purchasable","16":"product-type-variable"},"jetpack_sharing_enabled":true,"_links":{"self":[{"href":"https:\/\/www.niskanen.fi\/verkkokauppa\/wp-json\/wp\/v2\/product\/42476","targetHints":{"allow":["GET"]}}],"collection":[{"href":"https:\/\/www.niskanen.fi\/verkkokauppa\/wp-json\/wp\/v2\/product"}],"about":[{"href":"https:\/\/www.niskanen.fi\/verkkokauppa\/wp-json\/wp\/v2\/types\/product"}],"version-history":[{"count":2,"href":"https:\/\/www.niskanen.fi\/verkkokauppa\/wp-json\/wp\/v2\/product\/42476\/revisions"}],"predecessor-version":[{"id":62767,"href":"https:\/\/www.niskanen.fi\/verkkokauppa\/wp-json\/wp\/v2\/product\/42476\/revisions\/62767"}],"wp:featuredmedia":[{"embeddable":true,"href":"https:\/\/www.niskanen.fi\/verkkokauppa\/wp-json\/wp\/v2\/media\/62759"}],"wp:attachment":[{"href":"https:\/\/www.niskanen.fi\/verkkokauppa\/wp-json\/wp\/v2\/media?parent=42476"}],"wp:term":[{"taxonomy":"product_brand","embeddable":true,"href":"https:\/\/www.niskanen.fi\/verkkokauppa\/wp-json\/wp\/v2\/product_brand?post=42476"},{"taxonomy":"product_cat","embeddable":true,"href":"https:\/\/www.niskanen.fi\/verkkokauppa\/wp-json\/wp\/v2\/product_cat?post=42476"},{"taxonomy":"product_tag","embeddable":true,"href":"https:\/\/www.niskanen.fi\/verkkokauppa\/wp-json\/wp\/v2\/product_tag?post=42476"}],"curies":[{"name":"wp","href":"https:\/\/api.w.org\/{rel}","templated":true}]}}