{"id":6094,"date":"2025-10-29T18:51:29","date_gmt":"2025-10-29T16:51:29","guid":{"rendered":"https:\/\/www.niskanen.fi\/verkkokauppa\/?post_type=product&#038;p=6094"},"modified":"2026-04-19T01:11:33","modified_gmt":"2026-04-18T23:11:33","slug":"lenz-w-merino-set-naisten-aluskerrasto","status":"publish","type":"product","link":"https:\/\/www.niskanen.fi\/verkkokauppa\/tuote\/lenz-w-merino-set-naisten-aluskerrasto\/","title":{"rendered":"LENZ W MERINO SET -NAISTEN ALUSKERRASTO"},"content":{"rendered":"<ul>\n<li>Kaksikerroksinen kosteutta siirt\u00e4v\u00e4 materiaali<\/li>\n<li>Silkinpehme\u00e4 kutiamaton sis\u00e4puoli<\/li>\n<li>L\u00e4mmin ulommainen merinovillakerros<\/li>\n<li>Materiaalit: 41% Merinovilla, 57% Polyamidi, 2% Elastaani<\/li>\n<li>Tuplakoot: XS\/S, M\/L, XL\/XXL<\/li>\n<\/ul>\n","protected":false},"excerpt":{"rendered":"<p>Kaksikerroksinen kosteutta siirt\u00e4v\u00e4 materiaali Silkinpehme\u00e4 kutiamaton sis\u00e4puoli L\u00e4mmin ulommainen merinovillakerros Materiaalit: 41% Merinovilla, 57% Polyamidi, 2% Elastaani Tuplakoot: XS\/S, M\/L, XL\/XXL<\/p>\n","protected":false},"featured_media":19612,"template":"","meta":[],"product_brand":[1194],"product_cat":[874],"product_tag":[1275,1346,1213],"class_list":{"0":"post-6094","1":"product","2":"type-product","3":"status-publish","4":"has-post-thumbnail","6":"product_brand-lenz","7":"product_cat-aluskerrastot-naiset","8":"product_tag-naisten-alusasut","9":"product_tag-naisten-aluskerrastot","10":"product_tag-naisten-vaatteet","12":"first","13":"instock","14":"taxable","15":"shipping-taxable","16":"purchasable","17":"product-type-variable"},"jetpack_sharing_enabled":true,"_links":{"self":[{"href":"https:\/\/www.niskanen.fi\/verkkokauppa\/wp-json\/wp\/v2\/product\/6094","targetHints":{"allow":["GET"]}}],"collection":[{"href":"https:\/\/www.niskanen.fi\/verkkokauppa\/wp-json\/wp\/v2\/product"}],"about":[{"href":"https:\/\/www.niskanen.fi\/verkkokauppa\/wp-json\/wp\/v2\/types\/product"}],"version-history":[{"count":1,"href":"https:\/\/www.niskanen.fi\/verkkokauppa\/wp-json\/wp\/v2\/product\/6094\/revisions"}],"predecessor-version":[{"id":19611,"href":"https:\/\/www.niskanen.fi\/verkkokauppa\/wp-json\/wp\/v2\/product\/6094\/revisions\/19611"}],"wp:featuredmedia":[{"embeddable":true,"href":"https:\/\/www.niskanen.fi\/verkkokauppa\/wp-json\/wp\/v2\/media\/19612"}],"wp:attachment":[{"href":"https:\/\/www.niskanen.fi\/verkkokauppa\/wp-json\/wp\/v2\/media?parent=6094"}],"wp:term":[{"taxonomy":"product_brand","embeddable":true,"href":"https:\/\/www.niskanen.fi\/verkkokauppa\/wp-json\/wp\/v2\/product_brand?post=6094"},{"taxonomy":"product_cat","embeddable":true,"href":"https:\/\/www.niskanen.fi\/verkkokauppa\/wp-json\/wp\/v2\/product_cat?post=6094"},{"taxonomy":"product_tag","embeddable":true,"href":"https:\/\/www.niskanen.fi\/verkkokauppa\/wp-json\/wp\/v2\/product_tag?post=6094"}],"curies":[{"name":"wp","href":"https:\/\/api.w.org\/{rel}","templated":true}]}}