{"id":7967,"date":"2025-10-29T19:05:06","date_gmt":"2025-10-29T17:05:06","guid":{"rendered":"https:\/\/www.niskanen.fi\/verkkokauppa\/?post_type=product&#038;p=7967"},"modified":"2026-04-16T12:58:56","modified_gmt":"2026-04-16T10:58:56","slug":"halti-kajos-m-t-paita","status":"publish","type":"product","link":"https:\/\/www.niskanen.fi\/verkkokauppa\/tuote\/halti-kajos-m-t-paita\/","title":{"rendered":"HALTI KAJOS M T-PAITA"},"content":{"rendered":"<p>Paidan tekninen materiaali siirt\u00e4\u00e4 tehokkaasti kehon tuottaman l\u00e4mm\u00f6n pit\u00e4en olosi mukavana koko treenin ajan. Kastuessaan materiaali kuivuu nopeasti.<\/p>\n<ul>\n<li>Py\u00f6re\u00e4 kaulus<\/li>\n<li>Regular fit<\/li>\n<li>Hengitt\u00e4v\u00e4 ja joustava materiaali<\/li>\n<li>100% kierr\u00e4tetty polyesteri<\/li>\n<\/ul>\n","protected":false},"excerpt":{"rendered":"<p>Paidan tekninen materiaali siirt\u00e4\u00e4 tehokkaasti kehon tuottaman l\u00e4mm\u00f6n pit\u00e4en olosi mukavana koko treenin ajan. Kastuessaan materiaali kuivuu nopeasti. Py\u00f6re\u00e4 kaulus Regular fit Hengitt\u00e4v\u00e4 ja joustava materiaali 100% kierr\u00e4tetty polyesteri<\/p>\n","protected":false},"featured_media":66397,"template":"","meta":[],"product_brand":[1199],"product_cat":[1432,1445,1460,113,15],"product_tag":[1298,1387,1217],"class_list":{"0":"post-7967","1":"product","2":"type-product","3":"status-publish","4":"has-post-thumbnail","6":"product_brand-halti","7":"product_cat-kaikki-miesten-vaatteet","8":"product_cat-miesten-lajivaatteet","9":"product_cat-miesten-paidat-ja-topit","10":"product_cat-t-paidat-miehet","11":"product_cat-yleinen","12":"product_tag-miesten-t-paidat","13":"product_tag-miesten-treenipaidat","14":"product_tag-miesten-vaatteet","16":"first","17":"instock","18":"taxable","19":"shipping-taxable","20":"purchasable","21":"product-type-variable"},"jetpack_sharing_enabled":true,"_links":{"self":[{"href":"https:\/\/www.niskanen.fi\/verkkokauppa\/wp-json\/wp\/v2\/product\/7967","targetHints":{"allow":["GET"]}}],"collection":[{"href":"https:\/\/www.niskanen.fi\/verkkokauppa\/wp-json\/wp\/v2\/product"}],"about":[{"href":"https:\/\/www.niskanen.fi\/verkkokauppa\/wp-json\/wp\/v2\/types\/product"}],"version-history":[{"count":1,"href":"https:\/\/www.niskanen.fi\/verkkokauppa\/wp-json\/wp\/v2\/product\/7967\/revisions"}],"predecessor-version":[{"id":66401,"href":"https:\/\/www.niskanen.fi\/verkkokauppa\/wp-json\/wp\/v2\/product\/7967\/revisions\/66401"}],"wp:featuredmedia":[{"embeddable":true,"href":"https:\/\/www.niskanen.fi\/verkkokauppa\/wp-json\/wp\/v2\/media\/66397"}],"wp:attachment":[{"href":"https:\/\/www.niskanen.fi\/verkkokauppa\/wp-json\/wp\/v2\/media?parent=7967"}],"wp:term":[{"taxonomy":"product_brand","embeddable":true,"href":"https:\/\/www.niskanen.fi\/verkkokauppa\/wp-json\/wp\/v2\/product_brand?post=7967"},{"taxonomy":"product_cat","embeddable":true,"href":"https:\/\/www.niskanen.fi\/verkkokauppa\/wp-json\/wp\/v2\/product_cat?post=7967"},{"taxonomy":"product_tag","embeddable":true,"href":"https:\/\/www.niskanen.fi\/verkkokauppa\/wp-json\/wp\/v2\/product_tag?post=7967"}],"curies":[{"name":"wp","href":"https:\/\/api.w.org\/{rel}","templated":true}]}}